e remainder when 89177 is divided by 22226?
273
Calculate the remainder when 4088492 is divided by 12132.
8
What is the remainder when 28903692 is divided by 5?
2
Calculate the remainder when 70427 is divided by 503.
7
Calculate the remainder when 700965 is divided by 35.
20
Calculate the remainder when 2804169 is divided by 38.
35
Calculate the remainder when 3024317 is divided by 369.
362
What is the remainder when 854557 is divided by 3815?
3812
Calculate the remainder when 25628620 is divided by 428.
408
Calculate the remainder when 69562260 is divided by 3806.
3804
Calculate the remainder when 184222 is divided by 1103.
21
What is the remainder when 21531013 is divided by 1094?
1093
Calculate the remainder when 2092859 is divided by 1386.
1385
Calculate the remainder when 7607865 is divided by 3946.
3923
What is the remainder when 116893135 is divided by 1897?
1892
Calculate the remainder when 7960123 is divided by 13748.
31
Calculate the remainder when 4574688 is divided by 593.
286
Calculate the remainder when 70855 is divided by 1157.
278
What is the remainder when 85327 is divided by 28232?
631
Calculate the remainder when 217810402 is divided by 22557.
10
Calculate the remainder when 2910846 is divided by 42186.
12
What is the remainder when 17789003 is divided by 2480?
2443
What is the remainder when 43045919 is divided by 60?
59
What is the remainder when 160645 is divided by 1115?
85
What is the remainder when 21053611 is divided by 106?
103
Calculate the remainder when 513334 is divided by 51330.
34
Calculate the remainder when 563441 is divided by 749.
193
What is the remainder when 501264 is divided by 875?
764
What is the remainder when 144034 is divided by 4369?
4226
Calculate the remainder when 346130 is divided by 3577.
2738
Calculate the remainder when 80213 is divided by 97.
91
What is the remainder when 414585 is divided by 117?
54
What is the remainder when 1942445 is divided by 237?
230
Calculate the remainder when 8801696 is divided by 151753.
22
What is the remainder when 745995 is divided by 372899?
197
What is the remainder when 222647 is divided by 1086?
17
What is the remainder when 611071 is divided by 4?
3
What is the remainder when 540575 is divided by 210?
35
What is the remainder when 647148 is divided by 323394?
360
Calculate the remainder when 526629651 is divided by 3494.
3489
What is the remainder when 107888 is divided by 70?
18
Calculate the remainder when 149814 is divided by 7134.
0
Calculate the remainder when 14482 is divided by 1199.
94
Calculate the remainder when 685893 is divided by 13189.
65
What is the remainder when 1743761 is divided by 250?
11
Calculate the remainder when 7128 is divided by 155.
153
Calculate the remainder when 126854 is divided by 6865.
3284
Calculate the remainder when 3002512 is divided by 17872.
16
Calculate the remainder when 2042079113 is divided by 51.
47
What is the remainder when 14478886 is divided by 7239436?
14
Calculate the remainder when 43921 is divided by 14350.
871
What is the remainder when 42382500 is divided by 143184?
36
Calculate the remainder when 1327367 is divided by 73741.
29
What is the remainder when 93816917 is divided by 929?
923
Calculate the remainder when 1013827 is divided by 168964.
43
Calculate the remainder when 2806058679 is divided by 13237.
13234
What is the remainder when 547127 is divided by 1192?
1191
Calculate the remainder when 22100 is divided by 575.
250
Calculate the remainder when 98151 is divided by 8903.
218
Calculate the remainder when 3785931 is divided by 12.
3
Calculate the remainder when 12343289 is divided by 2468654.
19
Calculate the remainder when 66052 is divided by 1515.
907
Calculate the remainder when 1961442 is divided by 1961428.
14
What is the remainder when 13912715 is divided by 154?
47
What is the remainder when 662350 is divided by 542?
26
What is the remainder when 2186696 is divided by 53334?
2
Calculate the remainder when 316893 is divided by 5111.
11
What is the remainder when 13406 is divided by 4382?
260
What is the remainder when 60270 is divided by 8551?
413
What is the remainder when 24635 is divided by 559?
39
Calculate the remainder when 238928509 is divided by 5144.
5141
What is the remainder when 402067 is divided by 3883?
2118
What is the remainder when 194612 is divided by 4950?
1562
Calculate the remainder when 13250799 is divided by 10.
9
Calculate the remainder when 200705611 is divided by 2017.
2009
What is the remainder when 189699 is divided by 385?
279
What is the remainder when 11931546 is divided by 216937?
11
Calculate the remainder when 61978 is divided by 3932.
2998
Calculate the remainder when 30544 is divided by 196.
164
Calculate the remainder when 929369 is divided by 71485.
64
What is the remainder when 5555809 is divided by 36312?
73
Calculate the remainder when 484389 is divided by 790.
119
What is the remainder when 126338 is divided by 12629?
48
What is the remainder when 148691814 is divided by 3310?
3304
Calculate the remainder when 2916272 is divided by 101.
99
What is the remainder when 1207741 is divided by 184?
149
Calculate the remainder when 438840 is divided by 54855.
0
What is the remainder when 17636909 is divided by 4712?
4605
Calculate the remainder when 3058718 is divided by 82668.
2
Calculate the remainder when 147035 is divided by 1044.
875
What is the remainder when 5179535 is divided by 2518?
9
Calculate the remainder when 164373990 is divided by 41093494.
14
What is the remainder when 103739286 is divided by 51869643?
0
What is the remainder when 1014550 is divided by 1145?
80
Calculate the remainder when 769418 is divided by 23.
22
Calculate the remainder when 9051 is divided by 146.
145
Calculate the remainder when 40323 is divided by 40263.
60
What is the remainder when 2625486 is divided by 2289?
3
Calculate the remainder when 142160393 is divided by 2165.
2163
What is the remainder when 856946 is divided by 433?
39
Calculate the remainder when 353116 is divided by 300.
16
Calculate the remainder when 1694519 is divided by 188263.
152
Calculate the remainder when 246846 is divided by 616.
446
Calculate the remainder when 70146 is divided by 8643.
1002
What is the remainder when 549947 is divided by 549773?
174
What is the remainder when 830209 is divided by 130?
29
Calculate the remainder when 59205 is divided by 29564.
77
Calculate the remainder when 7948978 is divided by 794892.
58
What is the remainder when 10059813 is divided by 927?
9
Calculate the remainder when 371310 is divided by 24.
6
What is the remainder when 312491061 is divided by 78122762?
13
What is the remainder when 414156 is divided by 4?
0
Calculate the remainder when 24374378 is divided by 51.
50
Calculate the remainder when 129228 is divided by 25801.
223
Calculate the remainder when 111752475 is divided by 3955.
3950
What is the remainder when 20248469 is divided by 6?
5
Calculate the remainder when 36801062 is divided by 736021.
12
What is the remainder when 12130678 is divided by 355?
328
Calculate the remainder when 148487 is divided by 14813.
357
What is the remainder when 17028 is divided by 5648?
84
Calculate the remainder when 233373 is divided by 233368.
5
What is the remainder when 20563862 is divided by 189?
95
What is the remainder when 37698 is divided by 2898?
24
What is the remainder when 5058 is divided by 2253?
552
Calculate the remainder when 171218 is divided by 205.
43
What is the remainder when 7748267 is divided by 33?
32
Calculate the remainder when 17083768 is divided by 5234.
5226
What is the remainder when 31583 is divided by 7825?
283
Calculate the remainder when 303841 is divided by 40.
1
Calculate the remainder when 28570 is divided by 3276.
2362
Calculate the remainder when 1995048 is divided by 1164.
1116
What is the remainder when 2302688 is divided by 293?
1
What is the remainder when 30395477 is divided by 9076?
9029
Calculate the remainder when 87253245 is divided by 9172.
9
Calculate the remainder when 3077633 is divided by 125.
8
What is the remainder when 1132723 is divided by 42?
25
Calculate the remainder when 632018746 is divided by 179.
176
What is the remainder when 32036721 is divided by 35?
31
Calculate the remainder when 210